erivative of d**2 + 4*d + 16436. What is q(h)?
22
Let w(p) = -14*p + 24. Let k(c) = 9*c - 11. Let g(x) = 7*k(x) + 3*w(x). Calculate g(2).
37
Let u(b) = -2*b + 11 + b - 3*b. Let g(a) = 3*a - 10. Let o(p) = -3*g(p) - 2*u(p). Let i(w) = -w**3 + 5*w**2 - w + 12. Let n be i(5). Calculate o(n).
1
Let v be (-216)/(-51) + 56/(-238). Let x(m) = 58*m - 209. Calculate x(v).
23
Let u(y) = -7*y**3 + 21*y**2 - 31*y - 41. Let s(c) = -5*c**3 + 22*c**2 - 30*c - 39. Let d(f) = 4*s(f) - 3*u(f). What is d(-26)?
-7
Let g(o) = 9*o**2 - 13*o - 5. Let n(d) = -8*d**2 + 7*d - 6. Let f(z) = 12*z**2 - 10*z + 10. Let c(s) = -5*f(s) - 8*n(s). Let r(h) = -7*c(h) + 3*g(h). Give r(3).
-1
Let n(r) = 12 + r**2 + 0 + 1. Let k be ((-69)/161)/((-60)/28)*0. Determine n(k).
13
Let z(a) be the third derivative of 7*a**4/24 + 5*a**3 + 3622*a**2. Determine z(10).
100
Let z(p) = 5*p - 9. Let q be z(8). Suppose 131 - q = 4*x. Let i(a) = a**2 - a**3 - 9 + 0*a + x - 4 + a. What is i(0)?
12
Suppose 3*b - 5*b - 14 = 0. Let u(k) = 170566*k - 170560*k + k**3 + 10 + 6*k**2 + k**2. Calculate u(b).
-32
Suppose 2*n - 64*k + 61*k = 30, 3*k + 42 = 4*n. Let s(z) = z + 4. Determine s(n).
10
Suppose -2*l + 30 = -0. Let f be 15/1*6/l. Let i(b) = 5*b - 11*b + 1 + 11 + 5*b. Calculate i(f).
6
Let w(z) be the first derivative of -61*z**3 - z**2/2 + 3*z + 3335. What is w(1)?
-181
Let v = 37 + 130. Suppose -5*h + 4*h - 14 = -5*m, 3*h + 14 = m. Let l(s) = 0*s**2 - 2 + s**m + 170*s - v*s. What is l(-5)?
8
Let v(b) = 2*b + 38. Let s be -2 + ((-96)/9 - (-3)/(-9)). What is v(s)?
12
Let x(j) = -365 - 344 - 370 - j + 1057. Determine x(10).
-32
Let p(w) = -w**2 + 12*w - 42. Let c(d) = -10*d**2 - 74*d - 73. Let f be c(-6). Calculate p(f).
-31
Suppose -3*p = -2*p - 3. Let t(c) = 9*c**2 + 59*c - 60. Let r be t(1). Suppose 0 = -r*k + p*k + 10. Let h(j) = -j**2 + 3*j. Determine h(k).
2
Let p = -12447 - -12447. Let y(w) be the second derivative of p + 1/6*w**3 - 15*w - 2*w**2. Determine y(9).
5
Suppose 4*f - 22 = 2*w, 10*w - 5*w = -25. Let q(b) = b**3 - 9*b**2 + 13*b + 2. What is q(f)?
-13
Let o(j) = -4*j**3 - 3 - 2*j**3 + 4 - j**2. Let u = -36 + 37. What is o(u)?
-6
Let n(l) = -2*l. Let y be n(-3). Suppose -16*f - 170 = -y*f. Let u = -14 - f. Let x(i) = -3*i. Calculate x(u).
-9
Suppose -28 = v - 3*v. Suppose -v + 14 = 2*n. Let t(r) = n - 6*r - 4 + 10*r**2 - 3 - 9*r**2. Give t(7).
0
Let b be 0 - ((-12)/(4 + -7) - 9). Suppose b*j + 3*d - 1 = 0, -5*d + 6*d = -2*j + 1. Let a(o) = 3*o + 2. Calculate a(j).
8
Suppose -12*c + 2*c - 460 = 0. Let y = c - -60. Let k(n) = -n**3 + 0*n + 20*n - 5*n**2 - y*n - 3. Calculate k(-6).
-3
Let t = -16 - -20. Suppose 7*d - 3*d - y + 10 = 0, -t*d - 4*y = 0. Let z(c) = 8 - 7 + c + 48*c**3 - 47*c**3. What is z(d)?
-9
Suppose 3*x - 76 = -x - 4*w, x - 15 = 3*w. Let o(l) = 42 + 2*l**2 - 36 + 16*l - x. Give o(-9).
6
Let t = 148 - 31. Let k be (6/(-4))/(t/42 + -3). Let a(f) = -f + k + 3*f - 3*f. Give a(6).
1
Let z = -460 - -463. Suppose -3*p + 4 = -6*t + 2*t, -z*p = -2*t + 4. Let g(o) = -o**2 - 2*o - 5. Give g(p).
-13
Let q(j) = -52 + 146 + 3*j - 46 - 55 - 46. Calculate q(12).
-17
Let h(d) = d**2 - 3*d + 1. Let j be h(4). Suppose -42 = -j*o + 8. Suppose 12*q - o = 14*q. Let v(z) = -z**3 - 4*z**2 + 5*z + 3. What is v(q)?
3
Let p = -11 + 3. Let r(q) = 157 + 158 + 176 + 7*q - 496 + q**2. Determine r(p).
3
Let v(k) = -k**2 - 3*k + 12. Suppose 0 = -0*d + 12*d - 204. Let h be (d/(-4) - 2) + (-8)/(-32). Calculate v(h).
-6
Let a(q) = q**2 - 7*q + 9. Let r = -58 - -138. Suppose -5*z = -z + r. Let n be (6/4)/(z/(-80)). Determine a(n).
3
Let l(b) = -b**2 - 20*b + 73. Let z be ((-5)/(-2))/((-145)/1392). Calculate l(z).
-23
Let f(l) = l - 2. Suppose 24 = 13*c - 15. Let s(h) = 9*h - 6. Let q(o) = c*f(o) - s(o). Give q(6).
-36
Suppose 0 = -51*f + 65*f + 98. Let d(n) be the second derivative of 19*n - 1/2*n**3 - 5*n**2 + 0. Give d(f).
11
Let a(n) = -n + 7. Let u be (-15348)/30 + (-44)/10 + 4. Let j = 521 + u. What is a(j)?
-2
Let x be ((0 - -3) + 0)/(1 - 0). Let h(w) = -6*w**3 + 3*w**2 + 3*w**2 + 5*w**x - 1. Let y be h(6). Let t(o) = -2*o**3 - o**2 - o. Give t(y).
2
Let n = 15 + -19. Let q(k) = -39350*k + 19683*k + 19671*k + 10. Determine q(n).
-6
Let i(l) = 5122*l**2 - 32*l**3 + 5128*l**2 - 1 - l - 10250*l**2. Give i(-1).
32
Let n(u) = -5 + 20 + 34*u**2 + 11*u - 33*u**2 + 3. Let o(m) = 2*m**2 + 35*m + 90. Let i be o(-14). What is n(i)?
-6
Suppose 47 - 26 = -3*m - 4*j, -2*j = m + 9. Let s(a) = -a**2 - 8*a - 7. Calculate s(m).
8
Let t(g) = 70*g - 9. Let u be t(-2). Let o = u + 151. Let z(k) = -6*k + 1 + 0 + o*k. Give z(1).
-3
Let h(k) = -3*k**3 + 37*k**2 + 26*k - 473. Let y be h(12). Let m(l) = -l**2 - 23*l - 126. Determine m(y).
-24
Let q = 33 - 17. Let b(p) = 2 + 63*p - 8 + q - 62*p. What is b(-10)?
0
Let t(h) be the first derivative of -h**4/4 + 8*h**3/3 + 19*h**2/2 + 2*h - 1302. Determine t(-2).
4
Suppose 0 = -783*u + 728*u. Let d(j) = -j. Let a(i) = 6*i + 7. Let r(s) = a(s) + 5*d(s). Give r(u).
7
Let o = -21192 - -21199. Let a(s) = -s**3 + 7*s**2 + 7*s + 2. Give a(o).
51
Let k(c) = c**3 + 7*c**2 - 6*c - 2. Suppose 35 = 5*p, 68*p - 5 = 5*z + 73*p. Give k(z).
-18
Let n(j) = -j**3 + 7*j**2 + 2*j - 5. Let h be 8*2/((-8)/(-22)). Suppose 2*i + 53 + 35 = 2*u, 4*i = u - h. Let q = -37 + u. Calculate n(q).
9
Let c(g) = -g**2 + 4*g + 1. Suppose -11*q = -34 + 12. Suppose -q*s + k = -1, 2*k = 3*s - 3*k + 16. Calculate c(s).
4
Suppose 3*p + 507 = 4*z, -2*z - 5*p + 2*p + 231 = 0. Let t = z - 128. Let o(y) = 3*y + 5. Calculate o(t).
-10
Let h(o) be the second derivative of o**5/20 + o**4/2 + o**3/3 + 3*o**2 - 655*o. Calculate h(-6).
-6
Suppose 3*o = -60 + 330. Let i be (6/(-5))/(12/o). Let g(a) = 3*a - a + 6*a**2 + 4 + 8*a - 5*a**2. What is g(i)?
-5
Suppose -g = -7*h + 9*h + 4, 2*g - 2*h = 10. Let q(c) = -187*c**2 - 10*c - 7 - 189*c**2 + 375*c**g - 12. What is q(-6)?
5
Let x(o) = 3*o - 2. Let r(p) = 20*p + 190. Let m(u) = r(u) + 5*x(u). Let h be m(-5). Let z(q) = -q**2 + 3*q + 5. Calculate z(h).
-5
Let c(u) = 13*u**3 + u - 2 - 56*u**3 + 3*u**2 + 5*u + 40*u**3 + 2*u**3. Suppose 19 = 5*m - 1. Determine c(m).
6
Let h = 140 + -106. Suppose -3*t + 36 = -4*t. Let q = h + t. Let i(a) = -a**2 - a - 2. Give i(q).
-4
Let o(f) = 15*f - 296. Suppose -7 = p - 4*l - 43, 0 = -3*p - l + 56. Determine o(p).
4
Let t be 4/14 + (-57)/(-21). Let l(i) = -3 + 5 - 6 + 3 + 19*i. Let d(g) = 24*g - 2. Let c(j) = 4*d(j) - 5*l(j). Calculate c(t).
0
Suppose -4*g - g - 35 = 0. Let h(i) = 26057 - 9*i + 5*i**2 + i**3 - 26062 + 3*i**2 - 2*i**2. Calculate h(g).
9
Let u(g) = -6*g**2 - 2*g - 2. Let a = 504 - 505. Determine u(a).
-6
Let f(s) be the third derivative of -s**8/20160 - s**7/1260 + s**6/720 + 23*s**5/20 - 7*s**2 - 8. Let o(w) be the third derivative of f(w). Give o(3).
-20
Let j(r) = 0 - 6*r**2 + 2*r**2 + 3*r**2 - 55 + 16*r. Determine j(8).
9
Let j(h) = -705 + 348 - 77*h - h**3 + 30*h**2 + 383 + 20*h. Give j(28).
-2
Let y(f) = -3*f**2 + 3*f**3 - 4*f**3 - 12 + 2*f**3 + 13*f - 6*f**2. Suppose 7 = -k, 2*k - 28 = -2*a - 26. Determine y(a).
28
Let u(g) be the third derivative of -g**6/180 + g**5/24 + 47*g**4/6 - 11*g**2. Let f(h) be the second derivative of u(h). Determine f(5).
-15
Let m(t) = -t**3 - 1822*t + 3653*t - 10*t**2 - 4 + 4 - 1819*t + 4. Let l be 0 + 0 + 2 - 13. What is m(l)?
-7
Let w(o) = -o**3 - 1. Let t(j) = j**3 - j**2 + j - 1. Let p(n) = 2*t(n) + w(n). Let x = -3573 - -3575. Give p(x).
1
Let x(q) = 1572 - 14*q + 1508 - 3190. Determine x(-8).
2
Let q(h) = -3*h + 1. Let t(k) = -8*k. Let u(z) = 5*q(z) - 2*t(z). Let s = -339 + 343. Give u(s).
9
Let v = -332 - -345. Suppose v*i - 24 = 15. Let r(w) = -w**2 - w + 4. Calculate r(i).
-8
Suppose 0 = 74*b + 623*b. Let o(z) = -6*z - 92. Give o(b).
-92
Suppose 0 = -4*k - 16, -2*k - 2 = -5*v - 9. Let c be (2/(-10)*-5)/(v/12). Let s be (-20)/(-5)*(9/c - -3). Let a(f) = f**3 - f**2 - 4*f. What is a(s)?
6
Let x = 70 + -68. Let t(z) = 646*z - 647*z + 2*z**3 - 2 - 3*z**3 + 4*z**x. Calculate t(3).
4
Let q(d) = 2*d**3 - 3*d + 2. Suppose 9*r - 4*r - 3*j = 16, -4*j - 8 = 0. Calculate q(r).
12
Let u(b) = b**3 + 6*b**2 - 9*b - 9. Let g(j) be the third derivative of -j**5/60 + j**4/12 + 14*j**3/3 + 120*j**2. Let v be g(-5). Determine u(v).
5
Let r = -143 - -145. Let u(a) = 8*a**2 + 4 + 2*a + 2*a**2 - 19*a**r + 8*a